 14394246.
2, 3, 2399041
List the prime factors of 756270.
2, 3, 5, 2801
What are the prime factors of 2003912?
2, 250489
What are the prime factors of 1348586?
2, 179, 3767
What are the prime factors of 1377968?
2, 71, 1213
What are the prime factors of 290313?
3, 32257
List the prime factors of 7976346.
2, 3, 7, 189913
List the prime factors of 320828.
2, 80207
What are the prime factors of 1426787?
683, 2089
List the prime factors of 219592.
2, 27449
List the prime factors of 1324707.
3, 441569
List the prime factors of 3770447.
17, 257, 863
What are the prime factors of 214281?
3, 29, 821
What are the prime factors of 8582324?
2, 193, 11117
What are the prime factors of 3058601?
7, 13, 19, 29, 61
List the prime factors of 4407941.
347, 12703
What are the prime factors of 240608?
2, 73, 103
What are the prime factors of 294113?
37, 7949
What are the prime factors of 427762?
2, 213881
List the prime factors of 257656.
2, 7, 43, 107
List the prime factors of 64498.
2, 7, 17, 271
What are the prime factors of 4850380?
2, 5, 242519
What are the prime factors of 6574476?
2, 3, 149, 3677
What are the prime factors of 11263781?
11263781
List the prime factors of 758866.
2, 379433
What are the prime factors of 992008?
2, 124001
List the prime factors of 1244228.
2, 53, 5869
List the prime factors of 1329066.
2, 3, 47, 1571
List the prime factors of 278075.
5, 7, 227
List the prime factors of 2077174.
2, 11, 263, 359
List the prime factors of 1141535.
5, 228307
What are the prime factors of 880228?
2, 220057
List the prime factors of 635030.
2, 5, 11, 23, 251
List the prime factors of 107109.
3, 3967
What are the prime factors of 348492?
2, 3, 113, 257
What are the prime factors of 1860796?
2, 7, 66457
What are the prime factors of 7992135?
3, 5, 53, 1117
What are the prime factors of 868275?
3, 5, 17, 227
What are the prime factors of 3120943?
7, 61, 7309
What are the prime factors of 3876476?
2, 17, 109, 523
List the prime factors of 59603.
19, 3137
What are the prime factors of 3943874?
2, 11, 43, 379
What are the prime factors of 1268838?
2, 3, 23497
What are the prime factors of 7659825?
3, 5, 41, 47, 53
What are the prime factors of 381959?
29, 13171
What are the prime factors of 1899186?
2, 3, 316531
List the prime factors of 10068424.
2, 193, 6521
List the prime factors of 1929497.
1929497
List the prime factors of 76026.
2, 3, 12671
What are the prime factors of 2017072?
2, 126067
What are the prime factors of 1480502?
2, 53, 13967
What are the prime factors of 17601174?
2, 3, 89, 10987
What are the prime factors of 382864?
2, 23929
What are the prime factors of 434225?
5, 11, 1579
What are the prime factors of 215565?
3, 5, 7, 2053
List the prime factors of 24855609.
3, 61, 71, 1913
What are the prime factors of 1455747?
3, 139, 3491
What are the prime factors of 8845584?
2, 3, 11, 1523
List the prime factors of 98699.
229, 431
List the prime factors of 650926.
2, 325463
List the prime factors of 944315.
5, 188863
List the prime factors of 5656940.
2, 5, 282847
List the prime factors of 714037.
714037
List the prime factors of 999005.
5, 7, 17, 23, 73
What are the prime factors of 10318359?
3, 71, 193, 251
List the prime factors of 403303.
29, 13907
List the prime factors of 2640746.
2, 17, 101, 769
What are the prime factors of 4922601?
3, 877, 1871
What are the prime factors of 4679284?
2, 17, 68813
What are the prime factors of 31749?
3, 19, 557
List the prime factors of 157502.
2, 61, 1291
List the prime factors of 20168546.
2, 47, 214559
List the prime factors of 19849916.
2, 1433, 3463
What are the prime factors of 5610230?
2, 5, 109, 5147
List the prime factors of 29998.
2, 53, 283
List the prime factors of 1371551.
1371551
What are the prime factors of 12895622?
2, 17, 379283
What are the prime factors of 16967658?
2, 3, 47, 60169
List the prime factors of 121654.
2, 13, 4679
What are the prime factors of 349393?
11, 23, 1381
List the prime factors of 440357.
211, 2087
What are the prime factors of 2606057?
317, 8221
List the prime factors of 1334781.
3, 7, 21187
What are the prime factors of 1671180?
2, 3, 5, 7, 23, 173
List the prime factors of 23189008.
2, 103, 14071
What are the prime factors of 14615307?
3, 7, 113, 2053
List the prime factors of 1100162.
2, 7, 78583
List the prime factors of 256204.
2, 13, 379
What are the prime factors of 8280793?
97, 85369
List the prime factors of 69172.
2, 17293
What are the prime factors of 4200322?
2, 7, 300023
What are the prime factors of 3084300?
2, 3, 5, 23, 149
List the prime factors of 628414.
2, 223, 1409
List the prime factors of 286476.
2, 3, 23873
What are the prime factors of 15719731?
15719731
List the prime factors of 233899.
151, 1549
What are the prime factors of 3882108?
2, 3, 323509
What are the prime factors of 944944?
2, 7, 11, 13, 59
List the prime factors of 681000.
2, 3, 5, 227
List the prime factors of 17524852.
2, 881, 4973
List the prime factors of 2332809.
3, 259201
What are the prime factors of 4720622?
2, 2360311
What are the prime factors of 4155616?
2, 17, 7639
What are the prime factors of 1450202?
2, 13, 17, 193
What are the prime factors of 34590157?
7, 67, 131, 563
List the prime factors of 4366823.
4366823
What are the prime factors of 1696912?
2, 7, 109, 139
List the prime factors of 2640190.
2, 5, 7, 37717
List the prime factors of 1778325.
3, 5, 131, 181
What are the prime factors of 1024981?
17, 60293
List the prime factors of 941761.
37, 25453
List the prime factors of 4217993.
13, 23, 14107
What are the prime factors of 320765?
5, 64153
What are the prime factors of 8817440?
2, 5, 55109
List the prime factors of 608298.
2, 3, 101383
What are the prime factors of 273160?
2, 5, 6829
List the prime factors of 208082.
2, 7, 89, 167
What are the prime factors of 9510916?
2, 2377729
List the prime factors of 86806.
2, 43403
What are the prime factors of 168902?
2, 79, 1069
What are the prime factors of 1438619?
7, 13, 15809
What are the prime factors of 285368?
2, 35671
What are the prime factors of 1297869?
3, 43, 10061
What are the prime factors of 35813130?
2, 3, 5, 1193771
List the prime factors of 2318682.
2, 3, 383, 1009
List the prime factors of 394099.
394099
What are the prime factors of 406873?
406873
What are the prime factors of 5635056?
2, 3, 7, 31, 541
What are the prime factors of 153078?
2, 3, 31, 823
List the prime factors of 618075.
3, 5, 41, 67
What are the prime factors of 142691?
293, 487
What are the prime factors of 814828?
2, 7, 29101
List the prime factors of 816380.
2, 5, 40819
What are the prime factors of 201414?
2, 3, 33569
List the prime factors of 201473.
201473
What are the prime factors of 1670193?
3, 7, 8837
What are the prime factors of 3512132?
2, 13, 17, 29, 137
List the prime factors of 852540.
2, 3, 5, 13, 1093
What are the prime factors of 4203425?
5, 383, 439
What are the prime factors of 113093?
113093
List the prime factors of 9137392.
2, 11, 193, 269
What are the prime factors of 2752046?
2, 11, 125093
List the prime factors of 2578136.
2, 11, 29297
List the prime factors of 252407.
173, 1459
What are the prime factors of 16610407?
11, 131, 11527
What are the prime factors of 1815764?
2, 373, 1217
What are the prime factors of 2531175?
3, 5, 33749
What are the prime factors of 1562319?
3, 11, 43, 367
What are the prime factors of 265438?
2, 17, 37, 211
What are the prime factors of 757616?
2, 47351
What are the prime factors of 53490?
2, 3, 5, 1783
List the prime factors of 3415684.
2, 23, 137, 271
What are the prime factors of 158503?
31, 5113
What are the prime factors of 40112431?
67, 401, 1493
What are the prime factors of 2753191?
7, 41, 53, 181
What are the prime factors of 225834?
2, 3, 7, 19, 283
List the prime factors of 9663302.
2, 11, 73, 547
What are the prime factors of 5957920?
2, 5, 23, 1619
What are the prime factors of 145074?
2, 3, 24179
What are the prime factors of 341796?
2, 3, 7, 13, 313
List the prime factors of 73550.
2, 5, 1471
List the prime factors of 2763864.
2, 3, 23, 1669
What are the prime factors of 77689?
77689
What are the prime factors of 876233?
876233
List the prime factors of 1885279.
11, 367, 467
List the prime factors of 5204318.
2, 7, 371737
List the prime factors 